= 8*g - b. What are the prime factors of g?
2, 29
Let a(z) = -3*z**2 + 30*z + 13. Let s be a(10). Suppose s*r - 5540 = 2351. What are the prime factors of r?
607
Suppose 4*y - 6*y = -4*r - 3064, -3*y + 4597 = -5*r. Suppose -3 = -j, 0 = -5*c + 3*j + 842 + y. List the prime factors of c.
3, 53
Let l = 29338 + -20325. List the prime factors of l.
9013
Let u(m) = m**2 + m + 21. Let n be u(0). Let l = 19 - n. What are the prime factors of (-2 - l - -4) + 7?
11
Let c = -10 + 24. Let i(b) = b**2 + b + 22. Let w be i(c). Suppose 14*z - w = 10*z. What are the prime factors of z?
2, 29
Let r(b) = -2*b + 27. Let g be r(10). Let h(k) = -g + 2 - 7 + 12*k. List the prime factors of h(9).
2, 3
Suppose 5*r = 2*h - 11332 - 2609, 34839 = 5*h + r. List the prime factors of h.
2, 13, 67
Let x(k) = -k**2 + 26*k + 5. Let g be x(15). Suppose 0 = -6*v + g + 850. List the prime factors of v.
2, 5, 17
Let c be 184 - 1*(6 + -3). Suppose -7*g - 6 = -9*g. Suppose -116 = -g*w + c. List the prime factors of w.
3, 11
Suppose -4*j + 2*o = -o - 83, -3*j = 4*o - 56. Let b = 294 + -223. Let l = j + b. What are the prime factors of l?
7, 13
Let k be (-3)/(-1) + (-445 - 9). Let w = -169 - k. Suppose w = 3*q - 0*q. List the prime factors of q.
2, 47
Suppose 2*t - 25604 = -5*p, -4*p - t + 19070 = -1412. List the prime factors of p.
2, 5
Suppose 49*a - 540 = -5*a. Suppose 5*l - 5621 = -s, -5*l - a*s + 12*s = -5633. What are the prime factors of l?
3, 5
Let j = -104 - -187. Let q = 84 - j. List the prime factors of (q/4)/((-8)/(-1184)).
37
What are the prime factors of ((-12)/78)/((-4)/13)*7970?
5, 797
Suppose 285*n - 648 = 297*n. List the prime factors of 1/((-6)/n) - -1210.
23, 53
Suppose -1345 = -5*d + 3*i - 4*i, i - 265 = -d. Suppose 3*h + d = -3*z, h + 474 = -4*h + 3*z. Let l = -47 - h. List the prime factors of l.
2, 23
Suppose 4 = 8*k - 7*k. Suppose -n - 7 + 93 = 3*s, 0 = 4*s + k*n - 104. List the prime factors of s.
2, 3, 5
Let n be 2/(-10) + (-138976)/(-80). Let h = n - 1237. What are the prime factors of h?
2, 5
Suppose 0*g + 5*g + 5 = 0. Let t(l) = 26*l - 34. Let h(z) = -26*z + 27. Let d(x) = 5*h(x) + 4*t(x). What are the prime factors of d(g)?
5
Suppose -4*b = 889 + 287. Let v = 660 + b. Let m = v + -217. List the prime factors of m.
149
Suppose 11*d - 170 + 27 = 0. Suppose 1802 + 1175 = d*v. What are the prime factors of v?
229
Let w(o) = -228*o - 9. Let i be w(-2). Suppose 105 = 9*a + i. What are the prime factors of 34/(a/14 + 3)?
7, 17
Let d = 17664 - 15814. What are the prime factors of d?
2, 5, 37
What are the prime factors of (-31777263)/(-1260) + (-1)/20?
2, 5, 13, 97
Suppose -4*w + 0*w + 70347 = -3*v, 52769 = 3*w - v. What are the prime factors of w?
2, 3, 733
Let k be ((-5)/(-6))/(-8*(-9)/432). Suppose 2*d = -4*r + 888, -d = -4*d - k*r + 1336. List the prime factors of d.
2, 113
Let p(y) = -y + 1. Let j be p(-4). Let h(b) be the second derivative of b**4/3 - b**3 - 316*b. What are the prime factors of h(j)?
2, 5, 7
Let l = -134 + -64. What are the prime factors of l/1*(-9)/(-18)*-1?
3, 11
Suppose 5*l - 5*j = 33040, 13228 = -56*l + 58*l + 2*j. What are the prime factors of l?
11, 601
List the prime factors of (-10060293)/(-2952) - (-2)/48.
2, 3, 71
Let a = 27503 + -8480. List the prime factors of a.
3, 17, 373
Let v = 776 + -709. Let i = v + 390. What are the prime factors of i?
457
Suppose 11*r = -0*r + 242. Let l = r + 11. What are the prime factors of l?
3, 11
Let r(k) = -3*k**2 + 2*k**3 - 457 - 2*k - 4*k + 477. List the prime factors of r(8).
2, 3, 67
Suppose 4*u - 44 - 52 = 0. Let y be ((-4)/12)/((-2)/u). Suppose y*t = -19 + 279. What are the prime factors of t?
5, 13
Let m(o) = 56*o + 5. List the prime factors of m(5).
3, 5, 19
List the prime factors of 42818/54 + (-6)/(-81).
13, 61
Let z = -24 + 29. Suppose -z*y = -0*y + 20. List the prime factors of ((-40)/25)/y*200.
2, 5
What are the prime factors of (-7)/5 + 4554585/525?
2, 4337
Let a be 0 + 0 - 42/3. Suppose -3*v = 4*c - 388, -4*v - 7*c + 554 = -9*c. Let j = a + v. List the prime factors of j.
2, 61
Let y(q) be the second derivative of -q**4/12 + 7*q**3/2 - 7*q**2 - 371*q. Let j be (4 - 5)/(2/(-38)). What are the prime factors of y(j)?
2, 3
Suppose -47*l = -569 - 747. Suppose 27 - l = -x, -4*p - 2*x + 70 = 0. List the prime factors of p.
17
Suppose 72*f - 20 = 68*f. Suppose h - 47 = f*i - 116, 0 = -4*i - 3*h + 40. Suppose i*u - 14*u + 73 = 0. List the prime factors of u.
73
List the prime factors of (-15 - (-484)/33)/((-1)/4716).
2, 3, 131
Let x = -574 + 366. Let b = 326 + x. List the prime factors of b.
2, 59
Let g(l) = -4497*l + 424. What are the prime factors of g(-2)?
2, 17, 277
Let p be -6*(-17)/((-85)/(-690)). Suppose -3*u - p = -15*u. List the prime factors of u.
3, 23
Let q(p) = -p**2 + 13*p + 55. Let b be q(18). List the prime factors of 1 - b/(-20) - (-78)/8.
3
Suppose 41*z = 69*z - 140. Let o be (0 + 1)/(1/220). Suppose -5*l - o = -z*c, -l = 2*l + 9. What are the prime factors of c?
41
Suppose -23*h + 19*h = -184. Let g = h - 19. What are the prime factors of (-870)/(-4)*18/g?
5, 29
Let v(z) = 4*z**2 + 3*z - 5. Let d be v(2). Suppose -79 = -d*f + 91. Suppose 0 = 3*p - f - 29. List the prime factors of p.
13
Let r be (-30)/(-18)*(-36)/(-10). List the prime factors of 6323/r - 1/(-6).
2, 17, 31
Let v(f) = 3*f**3 + 3*f + f - f**2 - 4*f. Let g be v(1). Suppose 5*y = -4*p + 471, -g*y + p + 188 = 3*p. What are the prime factors of y?
5, 19
Suppose 3*y = -2 + 38. Suppose y*g = 10*g + 2. List the prime factors of 16 + 0/(-1*4)*g.
2
Let s(g) = -586*g + 1171. List the prime factors of s(-9).
5, 1289
Let i be (-5 + 7)/(-2)*-1 + 3074. Let z = -1418 + i. List the prime factors of z.
1657
Suppose 53*q + 4*o = 52*q + 5007, -2*o = -5*q + 25057. List the prime factors of q.
5011
Let h = 3967 - -36. List the prime factors of h.
4003
Let t(o) = 175*o + 1. Suppose 11 = -4*y + 3. Let m be t(y). Let k = 569 + m. What are the prime factors of k?
2, 5, 11
Suppose 2*d = 4*d + b - 112, 112 = 2*d - 4*b. What are the prime factors of d?
2, 7
Suppose -q + 291 = -2*t + 5303, 0 = -5*q - 10. List the prime factors of t.
3, 5, 167
Suppose m + 5*a = -4*m + 35, 0 = -4*m + 3*a. Suppose 0 = 4*g - 0*g + 2*l + 6, -m*g = -4*l - 1. What are the prime factors of 123 - (1/3)/(g/(-6))?
11
Let y(p) be the third derivative of -5*p**4/12 - 35*p**3/3 + 77*p**2 - 1. Let u(k) = -28*k - 1. Let m be u(1). List the prime factors of y(m).
2, 5, 11
Let b be (-8)/32 + 13/4. Suppose 2*l + b*f = 1339, 0 = -2*l - 2*f - 3*f + 1333. What are the prime factors of l?
2, 337
Suppose 2*y = 5*y + 3*z, 2 = 4*y + 5*z. Let t(h) = -47*h**3 + 5*h + 8. What are the prime factors of t(y)?
2, 11, 17
Let p be 2 - ((-22)/99 - 670/(-18)). Let a = 130 + p. List the prime factors of a.
5, 19
Let n = -292 - -292. Suppose -2*k + 0*m + 2*m = -28, -4*k - 5*m + 56 = 0. Suppose n = -k*o - 388 + 2292. What are the prime factors of o?
2, 17
Suppose -11*a - 17*a = -18*a - 188720. What are the prime factors of a?
2, 7, 337
Let v(j) = 15*j**2 - 636*j - 247. What are the prime factors of v(58)?
5, 13, 41
Suppose 3*g - 15 = -3*x, g + g = 5*x - 11. Suppose g*j + 12 = -i, 1 = -j - 0*j. List the prime factors of 837/6*i/(-15).
3, 31
Let k(v) = 12*v**2 - 14*v - 77. Suppose 6*w - 13 = 10*w - r, 5*w + 11 = 3*r. What are the prime factors of k(w)?
3, 19
Let q(t) = 2*t**2 + 14*t + 24. Suppose -1 - 86 = 3*g - 3*u, u = -4. Let p = g + 20. What are the prime factors of q(p)?
2, 3, 5
Suppose 49*n = 48*n + 9304. List the prime factors of n.
2, 1163
Let n(g) = -14*g + 9 + 11 - 3. Let s be n(-7). Suppose -s - 74 = -9*q. List the prime factors of q.
3, 7
Let n(p) = -p**3 - 9*p**2 + 22*p + 5. Let q be n(-11). Suppose q*k + 50 = -5*k. Let c(z) = -z**3 - z. List the prime factors of c(k).
2, 5, 13
Let y(w) = 2*w**3 - 13*w**2 + 25*w - 9. Let r be 2/14 + 1488/168. List the prime factors of y(r).
3, 23
Suppose 8 = 8*j + 40. Let c(n) = -2*n**2. Let a be c(-1). What are the prime factors of (-101)/a - (2/j + 1)?
2, 5
Suppose -21*r = -23 + 44. What are the prime factors of ((-7395)/(-24))/1 - r/(-8)?
2, 7, 11
Let g(c) be the third derivative of 19*c**4/12 + 10*c**3/3 - 2*c**2 + 10*c. List the prime factors of g(6).
2, 31
Suppose 0 = -49*l + 71816 - 6806 + 69054. What are the prime factors of l?
2, 3, 1